{"id":1824,"date":"2019-03-03T05:27:02","date_gmt":"2019-03-03T05:27:02","guid":{"rendered":"http:\/\/brabus.local\/?page_id=1824"},"modified":"2026-03-18T10:06:57","modified_gmt":"2026-03-18T13:06:57","slug":"carreiras","status":"publish","type":"page","link":"https:\/\/www.umagencia.com\/umv1\/carreiras\/","title":{"rendered":"CARREIRAS"},"content":{"rendered":"<div class=\"wpb-content-wrapper\"><p>[vc_row motts_theme_padding=&#8221;no&#8221;][vc_column][ts_hero_slider hero_slider=&#8221;4891&#8243;][\/vc_column][\/vc_row][vc_row full_width=&#8221;stretch_row&#8221;][vc_column][ts_section_title tagline=&#8221;VEM SER UM&#8221; title=&#8221;Fa\u00e7a parte do nosso banco de talentos&#8221; background_title=&#8221;VAGAS&#8221;][vc_empty_space height=&#8221;50px&#8221;][vc_raw_html]JTNDZGl2JTIwc3R5bGUlM0QlMjJwb3NpdGlvbiUzQSUyMHJlbGF0aXZlJTNCJTIwei1pbmRleCUzQSUyMDk5OTklM0IlMjIlM0UlMEElMjAlMjAlMjAlMjAlNUJjYW5kaWRhdGVfdmFnYXMlNUQlMEElM0MlMkZkaXYlM0UlMEE=[\/vc_raw_html][\/vc_column][\/vc_row][vc_row use_container=&#8221;yes&#8221; use_predefined_class=&#8221;yes&#8221;][vc_column][ts_section_title animate_block=&#8221;yes&#8221; animation_type=&#8221;fadeIn&#8221; tagline=&#8221;NOSSO GUARDA-CHUVA EST\u00c1 ABERTO&#8221; title=&#8221;(H\u00e1)mor, a for\u00e7a que nos trouxe at\u00e9 aqui&#8221; background_title=&#8221;Pessoas&#8221;][vc_video link=&#8221;https:\/\/www.youtube.com\/watch?v=mYwKgnK4VuM&#8221; el_aspect=&#8221;235&#8243; align=&#8221;center&#8221; css_animation=&#8221;fadeIn&#8221;][vc_row_inner content_placement=&#8221;middle&#8221;][vc_column_inner offset=&#8221;vc_col-md-5&#8243;][vc_single_image image=&#8221;2365&#8243; img_size=&#8221;&#8221; alignment=&#8221;center&#8221; css_animation=&#8221;fadeIn&#8221;][\/vc_column_inner][vc_column_inner offset=&#8221;vc_col-md-7&#8243;][ts_text_block animate_block=&#8221;yes&#8221; animation_type=&#8221;fadeIn&#8221; animation_delay=&#8221;0.01s&#8221;]Acreditamos que toda a\u00e7\u00e3o bem sucedida \u00e9 resultado de um trabalho em conjunto, de troca, autoconhecimento, feedback, constru\u00e7\u00e3o, cumplicidade e aprendizado.<\/p>\n<p>Aprendemos para ensinar e ensinamos para aprender. Por isso a coevolu\u00e7\u00e3o, evoluir conjuntamente, \u00e9 o conceito que nos ampara. Vamos coevoluir![\/ts_text_block][\/vc_column_inner][\/vc_row_inner][\/vc_column][\/vc_row][vc_row section_background_color=&#8221;#0a2240&#8243; use_container=&#8221;yes&#8221;][vc_column][ts_section_title title_color=&#8221;light&#8221; animate_block=&#8221;yes&#8221; animation_type=&#8221;fadeIn&#8221; tagline=&#8221;NOSSO DIA A DIA&#8221; title=&#8221;Como \u00e9 trabalhar na UM&#8221; background_title=&#8221;UM&#8221;][vc_media_grid style=&#8221;pagination&#8221; items_per_page=&#8221;9&#8243; loop=&#8221;yes&#8221; grid_id=&#8221;vc_gid:1773839142467-986c030b-5ee7-3&#8243; include=&#8221;2999,2997,2996,2995,2994,2993,2992,2991,2989,2988,2394,2396,2350,2352,2381,2351,2380,2384,2388,2346,2392,4723,4724,4725,4726,4727,4728&#8243; paging_animation_in=&#8221;fadeIn&#8221; paging_animation_out=&#8221;fadeOut&#8221;][\/vc_column][\/vc_row][vc_row full_width=&#8221;stretch_row&#8221; disable_element=&#8221;yes&#8221; use_container=&#8221;yes&#8221; use_predefined_class=&#8221;yes&#8221; el_id=&#8221;vemserum&#8221;][vc_column][ts_section_title animate_block=&#8221;yes&#8221; animation_type=&#8221;fadeIn&#8221; tagline=&#8221;VEM SER UM&#8221; title=&#8221;Fa\u00e7a parte do nosso banco de talentos&#8221; background_title=&#8221;Vagas&#8221;][vc_raw_html]JTIwJTNDc3R5bGUlMjBzY29wZWQlM0UlMEElMjAlMjAlMjAlMjAlMjAlMjAlMjAlMjAlMjAuYnRuLXNpdGUtMSUzQWhvdmVyJTIwJTdCJTBBJTIwJTIwJTIwJTIwJTIwJTIwJTIwJTIwJTIwJTIwJTIwJTIwYmFja2dyb3VuZC1jb2xvciUzQSUyMHdoaXRlJTIwJTIxaW1wb3J0YW50JTNCJTBBJTIwJTIwJTIwJTIwJTIwJTIwJTIwJTIwJTIwJTIwJTIwJTIwY29sb3IlM0ElMjAlMjNlMTI1MWIlMjAlMjFpbXBvcnRhbnQlM0IlMEElMjAlMjAlMjAlMjAlMjAlMjAlMjAlMjAlMjAlN0QlMEElMjAlMjAlMjAlMjAlMjAlMjAlMjAlMjAlMjAuYnRuLXNpdGUtMSUzQWFjdGl2ZSUyMCU3QiUwQSUyMCUyMCUyMCUyMCUyMCUyMCUyMCUyMCUyMCUyMCUyMCUyMGJhY2tncm91bmQtY29sb3IlM0ElMjAlMjNlMTI1MWIlMjAlMjFpbXBvcnRhbnQlM0IlMEElMjAlMjAlMjAlMjAlMjAlMjAlMjAlMjAlMjAlMjAlMjAlMjBjb2xvciUzQSUyMHdoaXRlJTIwJTIxaW1wb3J0YW50JTNCJTBBJTIwJTIwJTIwJTIwJTIwJTIwJTIwJTIwJTIwJTdEJTBBJTIwJTIwJTIwJTIwJTIwJTIwJTIwJTIwJTIwLmJ0bi1zaXRlLTElM0FkaXNhYmxlZCUyMCU3QiUwQSUyMCUyMCUyMCUyMCUyMCUyMCUyMCUyMCUyMCUyMCUyMCUyMGJhY2tncm91bmQtY29sb3IlM0ElMjBncmF5JTIwJTIxaW1wb3J0YW50JTNCJTBBJTIwJTIwJTIwJTIwJTIwJTIwJTIwJTIwJTIwJTIwJTIwJTIwY29sb3IlM0ElMjBibGFjayUyMCUyMWltcG9ydGFudCUzQiUwQSUyMCUyMCUyMCUyMCUyMCUyMCUyMCUyMCUyMCUyMCUyMCUyMGN1cnNvciUzQSUyMG5vdC1hbGxvd2VkJTIwJTIxaW1wb3J0YW50JTNCJTBBJTIwJTIwJTIwJTIwJTIwJTIwJTIwJTIwJTIwJTdEJTBBJTIwJTIwJTIwJTIwJTIwJTIwJTIwJTIwJTIwLmJ0bi1zaXRlLTElMjAlN0IlMEElMjAlMjAlMjAlMjAlMjAlMjAlMjAlMjAlMjAlMjAlMjAlMjBiYWNrZ3JvdW5kLWNvbG9yJTNBJTIwJTIzZTEyNTFiJTIwJTIxaW1wb3J0YW50JTNCJTBBJTIwJTIwJTIwJTIwJTIwJTIwJTIwJTIwJTIwJTIwJTIwJTIwcGFkZGluZyUzQSUyMDEwcHglMjAlMjFpbXBvcnRhbnQlM0IlMEElMjAlMjAlMjAlMjAlMjAlMjAlMjAlMjAlMjAlMjAlMjAlMjBjb2xvciUzQSUyMHdoaXRlJTIwJTIxaW1wb3J0YW50JTNCJTBBJTIwJTIwJTIwJTIwJTIwJTIwJTIwJTIwJTIwJTIwJTIwJTIwY3Vyc29yJTNBJTIwcG9pbnRlciUyMCUyMWltcG9ydGFudCUzQiUwQSUyMCUyMCUyMCUyMCUyMCUyMCUyMCUyMCUyMCUyMCUyMCUyMGJvcmRlci1zdHlsZSUzQSUyMG5vbmUlMjAlMjFpbXBvcnRhbnQlM0IlMEElMjAlMjAlMjAlMjAlMjAlMjAlMjAlMjAlMjAlMjAlMjAlMjBvdXRsaW5lLXN0eWxlJTNBJTIwbm9uZSUyMCUyMWltcG9ydGFudCUzQiUwQSUyMCUyMCUyMCUyMCUyMCUyMCUyMCUyMCUyMCUyMCUyMCUyMGJvcmRlci1yYWRpdXMlM0ElMjAxNXB4JTIwJTIxaW1wb3J0YW50JTNCJTBBJTIwJTIwJTIwJTIwJTIwJTIwJTIwJTIwJTIwJTdEJTBBJTIwJTIwJTIwJTIwJTIwJTIwJTIwJTIwJTIwLmJ0bi1zaXRlLTIlM0Fob3ZlciUyMCU3QiUwQSUyMCUyMCUyMCUyMCUyMCUyMCUyMCUyMCUyMCUyMCUyMCUyMGJhY2tncm91bmQtY29sb3IlM0ElMjAlMjNlMTI1MWIlMjAlMjFpbXBvcnRhbnQlM0IlMEElMjAlMjAlMjAlMjAlMjAlMjAlMjAlMjAlMjAlMjAlMjAlMjBjb2xvciUzQSUyMHdoaXRlJTIwJTIxaW1wb3J0YW50JTNCJTBBJTIwJTIwJTIwJTIwJTIwJTIwJTIwJTIwJTIwJTdEJTBBJTIwJTIwJTIwJTIwJTIwJTIwJTIwJTIwJTIwLmJ0bi1zaXRlLTIlM0FhY3RpdmUlMjAlN0IlMEElMjAlMjAlMjAlMjAlMjAlMjAlMjAlMjAlMjAlMjAlMjAlMjBiYWNrZ3JvdW5kLWNvbG9yJTNBJTIwJTIzMDgyMzQxJTIwJTIxaW1wb3J0YW50JTNCJTBBJTIwJTIwJTIwJTIwJTIwJTIwJTIwJTIwJTIwJTIwJTIwJTIwY29sb3IlM0ElMjB3aGl0ZSUyMCUyMWltcG9ydGFudCUzQiUwQSUyMCUyMCUyMCUyMCUyMCUyMCUyMCUyMCUyMCU3RCUwQSUyMCUyMCUyMCUyMCUyMCUyMCUyMCUyMCUyMC5idG4tc2l0ZS0yJTNBZGlzYWJsZWQlMjAlN0IlMEElMjAlMjAlMjAlMjAlMjAlMjAlMjAlMjAlMjAlMjAlMjAlMjBiYWNrZ3JvdW5kLWNvbG9yJTNBJTIwZ3JheSUyMCUyMWltcG9ydGFudCUzQiUwQSUyMCUyMCUyMCUyMCUyMCUyMCUyMCUyMCUyMCUyMCUyMCUyMGNvbG9yJTNBJTIwYmxhY2slMjAlMjFpbXBvcnRhbnQlM0IlMEElMjAlMjAlMjAlMjAlMjAlMjAlMjAlMjAlMjAlMjAlMjAlMjBjdXJzb3IlM0ElMjBub3QtYWxsb3dlZCUyMCUyMWltcG9ydGFudCUzQiUwQSUyMCUyMCUyMCUyMCUyMCUyMCUyMCUyMCUyMCU3RCUwQSUyMCUyMCUyMCUyMCUyMCUyMCUyMCUyMCUyMC5idG4tc2l0ZS0yJTIwJTdCJTBBJTIwJTIwJTIwJTIwJTIwJTIwJTIwJTIwJTIwJTIwJTIwJTIwYmFja2dyb3VuZC1jb2xvciUzQSUyMCUyMzA4MjM0MSUyMCUyMWltcG9ydGFudCUzQiUwQSUyMCUyMCUyMCUyMCUyMCUyMCUyMCUyMCUyMCUyMCUyMCUyMHBhZGRpbmclM0ElMjAxMHB4JTIwJTIxaW1wb3J0YW50JTNCJTBBJTIwJTIwJTIwJTIwJTIwJTIwJTIwJTIwJTIwJTIwJTIwJTIwY29sb3IlM0ElMjB3aGl0ZSUyMCUyMWltcG9ydGFudCUzQiUwQSUyMCUyMCUyMCUyMCUyMCUyMCUyMCUyMCUyMCUyMCUyMCUyMGN1cnNvciUzQSUyMHBvaW50ZXIlMjAlMjFpbXBvcnRhbnQlM0IlMEElMjAlMjAlMjAlMjAlMjAlMjAlMjAlMjAlMjAlMjAlMjAlMjBib3JkZXItc3R5bGUlM0ElMjBub25lJTIwJTIxaW1wb3J0YW50JTNCJTBBJTIwJTIwJTIwJTIwJTIwJTIwJTIwJTIwJTIwJTIwJTIwJTIwb3V0bGluZS1zdHlsZSUzQSUyMG5vbmUlMjAlMjFpbXBvcnRhbnQlM0IlMEElMjAlMjAlMjAlMjAlMjAlMjAlMjAlMjAlMjAlMjAlMjAlMjBib3JkZXItcmFkaXVzJTNBJTIwMTVweCUyMCUyMWltcG9ydGFudCUzQiUwQSUyMCUyMCUyMCUyMCUyMCUyMCUyMCUyMCUyMCUyMCUyMCUyMGZvbnQtc2l6ZSUzQSUyMGNhbGMlMjgwLjZ2dyUyMCUyQiUyMDdweCUyOSUyMCUyMWltcG9ydGFudCUzQiUwQSUyMCUyMCUyMCUyMCUyMCUyMCUyMCUyMCUyMCU3RCUwQSUyMCUyMCUyMCUyMCUyMCUyMCUyMCUyMCUyMC5ub3Jlc2l6ZSUyMCU3QiUwQSUyMCUyMCUyMCUyMCUyMCUyMCUyMCUyMCUyMCUyMCUyMCUyMHJlc2l6ZSUzQSUyMG5vbmUlMjAlMjFpbXBvcnRhbnQlM0IlMEElMjAlMjAlMjAlMjAlMjAlMjAlMjAlMjAlMjAlN0QlMEElMjAlMjAlMjAlMjAlMjAlMjAlM0MlMkZzdHlsZSUzRSUwQSUyMCUyMCUyMCUyMCUyMCUyMCUzQ2RpdiUyMGNsYXNzJTNEJTIyY29udGFpbmVyLWZsdWlkJTIyJTIwaWQlM0QlMjJ2YWdhcy1ub3ZhcyUyMiUzRSUwQSUyMCUyMCUyMCUyMCUyMCUyMCUyMCUyMCUyMCUzQ2RpdiUyMGNsYXNzJTNEJTIyY29udGFpbmVyJTIyJTIwc3R5bGUlM0QlMjJmb250LXNpemUlM0ElMjBjYWxjJTI4MXZ3JTIwJTJCJTIwMTBweCUyOSUyMiUzRSUwQSUyMCUyMCUyMCUyMCUyMCUyMCUyMCUyMCUyMCUyMCUyMCUyMCUzQ2RpdiUyMGNsYXNzJTNEJTIycm93JTIwZC1mbGV4JTIwcHktNCUyMG1iLTMlMjIlMjBzdHlsZSUzRCUyMmJvcmRlciUzQSUyMDBweCUyMHNvbGlkJTIwZ3JheSUzQiUyMG1pbi1oZWlnaHQlM0ElMjAxMDBweCUzQiUyMGJvcmRlci1yYWRpdXMlM0ElMjA1cHglM0IlMjBib3gtc2hhZG93JTNBJTIwMHB4JTIwMHB4JTIwNXB4JTIwMnB4JTIwcmdiJTI4MjMwJTJDJTIwMjMwJTJDJTIwMjMwJTI5JTIyJTNFJTBBJTIwJTIwJTIwJTIwJTIwJTIwJTIwJTIwJTIwJTIwJTIwJTIwJTIwJTIwJTIwJTNDZGl2JTIwY2xhc3MlM0QlMjJjb2wtMTIlMjBkLWZsZXglMjBhbGlnbi1pdGVtcy1jZW50ZXIlMjBqdXN0aWZ5LWNvbnRlbnQtY2VudGVyJTIwcHktMiUyMiUzRSUzQ2IlM0VSZWRhdG9yJTI4YSUyOSUzQyUyRmIlM0UlM0MlMkZkaXYlM0UlMEElMjAlMjAlMjAlMjAlMjAlMjAlMjAlMjAlMjAlMjAlMjAlMjAlMjAlMjAlMjAlM0NkaXYlMjBjbGFzcyUzRCUyMmNvbC0xMiUyMGQtZmxleCUyMGFsaWduLWl0ZW1zLWNlbnRlciUyMGp1c3RpZnktY29udGVudC1jZW50ZXIlMjBweS0yJTIyJTNFJTNDcCUyMHN0eWxlJTNEJTIydGV4dC1hbGlnbi1sYXN0JTNBJTIwY2VudGVyJTIyJTNFUHJlc2VuY2lhbCUyMENhbXBpbmFzLVNQJTIwZSUyMFRlcmVzJUMzJUIzcG9saXMtUkolM0MlMkZwJTNFJTNDJTJGZGl2JTNFJTBBJTIwJTIwJTIwJTIwJTIwJTIwJTIwJTIwJTIwJTIwJTIwJTIwJTIwJTIwJTIwJTNDZGl2JTIwY2xhc3MlM0QlMjJjb2wtMTIlMjBkLWZsZXglMjBhbGlnbi1pdGVtcy1jZW50ZXIlMjBqdXN0aWZ5LWNvbnRlbnQtY2VudGVyJTIwcHktMiUyMiUzRSUzQ2J1dHRvbiUyMGNsYXNzJTNEJTIyYnRuLXNpdGUtMiUyMiUyMGlkJTNEJTIyYnRuLXJlZGF0b3IlMjIlM0VEZXRhbGhlcyUzQyUyRmJ1dHRvbiUzRSUzQyUyRmRpdiUzRSUwQSUyMCUyMCUyMCUyMCUyMCUyMCUyMCUyMCUyMCUyMCUyMCUyMCUzQyUyRmRpdiUzRSUwQSUyMCUyMCUyMCUyMCUyMCUyMCUyMCUyMCUyMCUyMCUyMCUyMCUzQ2RpdiUyMGNsYXNzJTNEJTIycm93JTIwZC1mbGV4JTIwcHktNCUyMG1iLTMlMjIlMjBzdHlsZSUzRCUyMmJvcmRlciUzQSUyMDBweCUyMHNvbGlkJTIwZ3JheSUzQiUyMG1pbi1oZWlnaHQlM0ElMjAxMDBweCUzQiUyMGJvcmRlci1yYWRpdXMlM0ElMjA1cHglM0IlMjBib3gtc2hhZG93JTNBJTIwMHB4JTIwMHB4JTIwNXB4JTIwMnB4JTIwcmdiJTI4MjMwJTJDJTIwMjMwJTJDJTIwMjMwJTI5JTIyJTNFJTBBJTIwJTIwJTIwJTIwJTIwJTIwJTIwJTIwJTIwJTIwJTIwJTIwJTIwJTIwJTIwJTNDZGl2JTIwY2xhc3MlM0QlMjJjb2wtMTIlMjBkLWZsZXglMjBhbGlnbi1pdGVtcy1jZW50ZXIlMjBqdXN0aWZ5LWNvbnRlbnQtY2VudGVyJTIwcHktMiUyMiUzRSUzQ2IlM0VEZXNpZ25lciUzQyUyRmIlM0UlM0MlMkZkaXYlM0UlMEElMjAlMjAlMjAlMjAlMjAlMjAlMjAlMjAlMjAlMjAlMjAlMjAlMjAlMjAlMjAlM0NkaXYlMjBjbGFzcyUzRCUyMmNvbC0xMiUyMGQtZmxleCUyMGFsaWduLWl0ZW1zLWNlbnRlciUyMGp1c3RpZnktY29udGVudC1jZW50ZXIlMjBweS0yJTIyJTNFUHJlc2VuY2lhbCUyMENhbXBpbmFzLVNQJTIwZSUyMFRlcmVzJUMzJUIzcG9saXMtUkolM0MlMkZkaXYlM0UlMEElMjAlMjAlMjAlMjAlMjAlMjAlMjAlMjAlMjAlMjAlMjAlMjAlMjAlMjAlMjAlM0NkaXYlMjBjbGFzcyUzRCUyMmNvbC0xMiUyMGQtZmxleCUyMGFsaWduLWl0ZW1zLWNlbnRlciUyMGp1c3RpZnktY29udGVudC1jZW50ZXIlMjBweS0yJTIyJTNFJTNDYnV0dG9uJTIwY2xhc3MlM0QlMjJidG4tc2l0ZS0yJTIyJTIwaWQlM0QlMjJidG4tZGVzaWduZXIlMjIlM0VEZXRhbGhlcyUzQyUyRmJ1dHRvbiUzRSUzQyUyRmRpdiUzRSUwQSUyMCUyMCUyMCUyMCUyMCUyMCUyMCUyMCUyMCUyMCUyMCUyMCUzQyUyRmRpdiUzRSUwQSUyMCUyMCUyMCUyMCUyMCUyMCUyMCUyMCUyMCUyMCUyMCUyMCUzQ2RpdiUyMGNsYXNzJTNEJTIycm93JTIwZC1mbGV4JTIwcHktNCUyMG1iLTMlMjIlMjBzdHlsZSUzRCUyMmJvcmRlciUzQSUyMDBweCUyMHNvbGlkJTIwZ3JheSUzQiUyMG1pbi1oZWlnaHQlM0ElMjAxMDBweCUzQiUyMGJvcmRlci1yYWRpdXMlM0ElMjA1cHglM0IlMjBib3gtc2hhZG93JTNBJTIwMHB4JTIwMHB4JTIwNXB4JTIwMnB4JTIwcmdiJTI4MjMwJTJDJTIwMjMwJTJDJTIwMjMwJTI5JTIyJTNFJTBBJTIwJTIwJTIwJTIwJTIwJTIwJTIwJTIwJTIwJTIwJTIwJTIwJTIwJTIwJTIwJTNDZGl2JTIwY2xhc3MlM0QlMjJjb2wtMTIlMjBkLWZsZXglMjBhbGlnbi1pdGVtcy1jZW50ZXIlMjBqdXN0aWZ5LWNvbnRlbnQtY2VudGVyJTIwcHktMiUyMiUzRSUzQ2IlM0VBdGVuZGltZW50byUyMCUyNiUyMFNvY2lhbCUyME1lZGlhJTNDJTJGYiUzRSUzQyUyRmRpdiUzRSUwQSUyMCUyMCUyMCUyMCUyMCUyMCUyMCUyMCUyMCUyMCUyMCUyMCUyMCUyMCUyMCUzQ2RpdiUyMGNsYXNzJTNEJTIyY29sLTEyJTIwZC1mbGV4JTIwYWxpZ24taXRlbXMtY2VudGVyJTIwanVzdGlmeS1jb250ZW50LWNlbnRlciUyMHB5LTIlMjIlM0VQcmVzZW5jaWFsJTIwQ2FtcGluYXMtU1AlMjBlJTIwVGVyZXMlQzMlQjNwb2xpcy1SSiUzQyUyRmRpdiUzRSUwQSUyMCUyMCUyMCUyMCUyMCUyMCUyMCUyMCUyMCUyMCUyMCUyMCUyMCUyMCUyMCUzQ2RpdiUyMGNsYXNzJTNEJTIyY29sLTEyJTIwZC1mbGV4JTIwYWxpZ24taXRlbXMtY2VudGVyJTIwanVzdGlmeS1jb250ZW50LWNlbnRlciUyMHB5LTIlMjIlM0UlM0NidXR0b24lMjBjbGFzcyUzRCUyMmJ0bi1zaXRlLTIlMjIlMjBpZCUzRCUyMmJ0bi1hdGVuZGltZW50by1zb2NpYWwlMjIlM0VEZXRhbGhlcyUzQyUyRmJ1dHRvbiUzRSUzQyUyRmRpdiUzRSUwQSUyMCUyMCUyMCUyMCUyMCUyMCUyMCUyMCUyMCUyMCUyMCUyMCUzQyUyRmRpdiUzRSUwQSUyMCUyMCUyMCUyMCUyMCUyMCUyMCUyMCUyMCUyMCUyMCUyMCUzQ2RpdiUyMGNsYXNzJTNEJTIycm93JTIwZC1mbGV4JTIwcHktNCUyMG1iLTMlMjIlMjBzdHlsZSUzRCUyMmJvcmRlciUzQSUyMDBweCUyMHNvbGlkJTIwZ3JheSUzQiUyMG1pbi1oZWlnaHQlM0ElMjAxMDBweCUzQiUyMGJvcmRlci1yYWRpdXMlM0ElMjA1cHglM0IlMjBib3gtc2hhZG93JTNBJTIwMHB4JTIwMHB4JTIwNXB4JTIwMnB4JTIwcmdiJTI4MjMwJTJDJTIwMjMwJTJDJTIwMjMwJTI5JTIyJTNFJTBBJTIwJTIwJTIwJTIwJTIwJTIwJTIwJTIwJTIwJTIwJTIwJTIwJTIwJTIwJTIwJTNDZGl2JTIwY2xhc3MlM0QlMjJjb2wtMTIlMjBkLWZsZXglMjBhbGlnbi1pdGVtcy1jZW50ZXIlMjBqdXN0aWZ5LWNvbnRlbnQtY2VudGVyJTIwcHktMiUyMiUzRSUzQ2IlM0VFcXVpcGUlMjBDb21lcmNpYWwlM0MlMkZiJTNFJTNDJTJGZGl2JTNFJTBBJTIwJTIwJTIwJTIwJTIwJTIwJTIwJTIwJTIwJTIwJTIwJTIwJTIwJTIwJTIwJTNDZGl2JTIwY2xhc3MlM0QlMjJjb2wtMTIlMjBkLWZsZXglMjBhbGlnbi1pdGVtcy1jZW50ZXIlMjBqdXN0aWZ5LWNvbnRlbnQtY2VudGVyJTIwcHktMiUyMiUzRVByZXNlbmNpYWwlMjBDYW1waW5hcy1TUCUyMGUlMjBUZXJlcyVDMyVCM3BvbGlzLVJKJTNDJTJGZGl2JTNFJTBBJTIwJTIwJTIwJTIwJTIwJTIwJTIwJTIwJTIwJTIwJTIwJTIwJTIwJTIwJTIwJTNDZGl2JTIwY2xhc3MlM0QlMjJjb2wtMTIlMjBkLWZsZXglMjBhbGlnbi1pdGVtcy1jZW50ZXIlMjBqdXN0aWZ5LWNvbnRlbnQtY2VudGVyJTIwcHktMiUyMiUzRSUzQ2J1dHRvbiUyMGNsYXNzJTNEJTIyYnRuLXNpdGUtMiUyMiUyMGlkJTNEJTIyYnRuLWVxdWlwZS1jb21lcmNpYWwlMjIlM0VEZXRhbGhlcyUzQyUyRmJ1dHRvbiUzRSUzQyUyRmRpdiUzRSUwQSUyMCUyMCUyMCUyMCUyMCUyMCUyMCUyMCUyMCUyMCUyMCUyMCUzQyUyRmRpdiUzRSUwQSUyMCUyMCUyMCUyMCUyMCUyMCUyMCUyMCUyMCUzQyUyRmRpdiUzRSUwQSUyMCUyMCUyMCUyMCUyMCUyMCUzQyUyRmRpdiUzRSUwQSUyMCUyMCUyMCUyMCUyMCUyMCUzQ3NjcmlwdCUzRSUwQSUyMCUyMCUyMCUyMCUyMCUyMCUyMCUyMCUyMGRvY3VtZW50LmFkZEV2ZW50TGlzdGVuZXIlMjglMjdET01Db250ZW50TG9hZGVkJTI3JTJDJTIwZnVuY3Rpb24lMjAlMjhlJTI5JTIwJTdCJTBBJTIwJTIwJTIwJTIwJTIwJTIwJTIwJTIwJTIwJTIwJTIwJTIwaW5pY2lhbGl6YWNvJTI4JTI5JTNCJTBBJTIwJTIwJTIwJTIwJTIwJTIwJTIwJTIwJTIwJTIwJTIwJTIwY2FsbEJhY2slMjglMjklM0IlMEElMjAlMjAlMjAlMjAlMjAlMjAlMjAlMjAlMjAlN0QlMjklM0IlMEElMjAlMjAlMjAlMjAlMjAlMjAlMjAlMjAlMjBmdW5jdGlvbiUyMGluaWNpYWxpemFjbyUyOCUyOSUyMCU3QiUwQSUyMCUyMCUyMCUyMCUyMCUyMCUyMCUyMCUyMCUyMCUyMCUyMHRoaXMuYnRuUmVkYXRvciUyMCUzRCUyMGRvY3VtZW50LmdldEVsZW1lbnRCeUlkJTI4JTI3YnRuLXJlZGF0b3IlMjclMjklM0IlMEElMjAlMjAlMjAlMjAlMjAlMjAlMjAlMjAlMjAlMjAlMjAlMjB0aGlzLmJ0bkF0ZW5kaW1lbnRvU29jaWFsJTIwJTNEJTIwZG9jdW1lbnQuZ2V0RWxlbWVudEJ5SWQlMjglMjdidG4tYXRlbmRpbWVudG8tc29jaWFsJTI3JTI5JTNCJTBBJTIwJTIwJTIwJTIwJTIwJTIwJTIwJTIwJTIwJTIwJTIwJTIwdGhpcy5idG5EZXNpZ25lciUyMCUzRCUyMGRvY3VtZW50LmdldEVsZW1lbnRCeUlkJTI4JTI3YnRuLWRlc2lnbmVyJTI3JTI5JTNCJTBBJTIwJTIwJTIwJTIwJTIwJTIwJTIwJTIwJTIwJTIwJTIwJTIwdGhpcy5idG5FcXVpcGVDb21lcmNpYWwlMjAlM0QlMjBkb2N1bWVudC5nZXRFbGVtZW50QnlJZCUyOCUyN2J0bi1lcXVpcGUtY29tZXJjaWFsJTI3JTI5JTNCJTBBJTIwJTIwJTIwJTIwJTIwJTIwJTIwJTIwJTIwJTdEJTBBJTIwJTIwJTIwJTIwJTIwJTIwJTIwJTIwJTIwZnVuY3Rpb24lMjBjYWxsQmFjayUyOCUyOSUyMCU3QiUwQSUyMCUyMCUyMCUyMCUyMCUyMCUyMCUyMCUyMCUyMCUyMCUyMHRoaXMuYnRuUmVkYXRvci5hZGRFdmVudExpc3RlbmVyJTI4JTI3Y2xpY2slMjclMkMlMjAlMjhlJTI5JTIwJTNEJTNFJTIwdGhpcy5yZXF1aXNpY2FvJTI4JTI3UmVkYXRvciUyOGElMjklMjclMkMlMjAlMjdQcmVzZW5jaWFsJTIwQ2FtcGluYXMtU1AlMjBlJTIwVGVyZXMlQzMlQjNwb2xpcy1SSiUyNyUyOSUyOSUzQiUwQSUyMCUyMCUyMCUyMCUyMCUyMCUyMCUyMCUyMCUyMCUyMCUyMHRoaXMuYnRuQXRlbmRpbWVudG9Tb2NpYWwuYWRkRXZlbnRMaXN0ZW5lciUyOCUyN2NsaWNrJTI3JTJDJTIwJTI4ZSUyOSUyMCUzRCUzRSUyMHRoaXMucmVxdWlzaWNhbyUyOCUyN0F0ZW5kaW1lbnRvJTIwJTI2JTIwU29jaWFsJTIwTWVkaWElMjclMkMlMjAlMjdQcmVzZW5jaWFsJTIwQ2FtcGluYXMtU1AlMjBlJTIwVGVyZXMlQzMlQjNwb2xpcy1SSiUyNyUyOSUyOSUzQiUwQSUyMCUyMCUyMCUyMCUyMCUyMCUyMCUyMCUyMCUyMCUyMCUyMHRoaXMuYnRuRGVzaWduZXIuYWRkRXZlbnRMaXN0ZW5lciUyOCUyN2NsaWNrJTI3JTJDJTIwJTI4ZSUyOSUyMCUzRCUzRSUyMHRoaXMucmVxdWlzaWNhbyUyOCUyN0Rlc2lnbmVyJTI3JTJDJTIwJTI3UHJlc2VuY2lhbCUyMENhbXBpbmFzLVNQJTIwZSUyMFRlcmVzJUMzJUIzcG9saXMtUkolMjclMjklMjklM0IlMEElMjAlMjAlMjAlMjAlMjAlMjAlMjAlMjAlMjAlMjAlMjAlMjB0aGlzLmJ0bkVxdWlwZUNvbWVyY2lhbC5hZGRFdmVudExpc3RlbmVyJTI4JTI3Y2xpY2slMjclMkMlMjAlMjhlJTI5JTIwJTNEJTNFJTIwdGhpcy5yZXF1aXNpY2FvJTI4JTI3RXF1aXBlJTIwQ29tZXJjaWFsJTI3JTJDJTIwJTI3UHJlc2VuY2lhbCUyMENhbXBpbmFzLVNQJTIwZSUyMFRlcmVzJUMzJUIzcG9saXMtUkolMjclMjklMjklM0IlMEElMjAlMjAlMjAlMjAlMjAlMjAlMjAlMjAlMjAlN0QlMEElMjAlMjAlMjAlMjAlMjAlMjAlMjAlMjAlMjBmdW5jdGlvbiUyMHJlcXVpc2ljYW8lMjh2YWdhJTJDJTIwbG9jYWwlMjklMjAlN0IlMEElMjAlMjAlMjAlMjAlMjAlMjAlMjAlMjAlMjAlMjAlMjAlMjBjb25zdCUyMGZvcm0lMjAlM0QlMjBkb2N1bWVudC5jcmVhdGVFbGVtZW50JTI4JTI3Zm9ybSUyNyUyOSUzQiUwQSUyMCUyMCUyMCUyMCUyMCUyMCUyMCUyMCUyMCUyMCUyMCUyMGZvcm0ubWV0aG9kJTIwJTNEJTIwJTI3UE9TVCUyNyUzQiUwQSUyMCUyMCUyMCUyMCUyMCUyMCUyMCUyMCUyMCUyMCUyMCUyMGZvcm0uYWN0aW9uJTIwJTNEJTIwJTI3aHR0cHMlM0ElMkYlMkZ2YWdhLnVtYWdlbmNpYS5jb20lMkZwcmVlbmNoZS12YWdhLnBocCUyNyUzQiUwQSUyMCUyMCUyMCUyMCUyMCUyMCUyMCUyMCUyMCUyMCUyMCUyMGZvcm0uc2V0QXR0cmlidXRlJTI4JTI3dGFyZ2V0JTI3JTJDJTIwJTI3X2JsYW5rJTI3JTI5JTNCJTBBJTIwJTIwJTIwJTIwJTIwJTIwJTIwJTIwJTIwJTIwJTIwJTIwY29uc3QlMjBpbnB1dEZ1bmNhbyUyMCUzRCUyMGRvY3VtZW50LmNyZWF0ZUVsZW1lbnQlMjglMjdpbnB1dCUyNyUyOSUzQiUwQSUyMCUyMCUyMCUyMCUyMCUyMCUyMCUyMCUyMCUyMCUyMCUyMGlucHV0RnVuY2FvLm5hbWUlMjAlM0QlMjAlMjd2YWdhJTI3JTNCJTBBJTIwJTIwJTIwJTIwJTIwJTIwJTIwJTIwJTIwJTIwJTIwJTIwaW5wdXRGdW5jYW8udmFsdWUlMjAlM0QlMjB2YWdhJTNCJTBBJTIwJTIwJTIwJTIwJTIwJTIwJTIwJTIwJTIwJTIwJTIwJTIwY29uc3QlMjBpbnB1dExvY2FsJTIwJTNEJTIwZG9jdW1lbnQuY3JlYXRlRWxlbWVudCUyOCUyN2lucHV0JTI3JTI5JTNCJTBBJTIwJTIwJTIwJTIwJTIwJTIwJTIwJTIwJTIwJTIwJTIwJTIwaW5wdXRMb2NhbC5uYW1lJTIwJTNEJTIwJTI3bG9jYWwlMjclM0IlMEElMjAlMjAlMjAlMjAlMjAlMjAlMjAlMjAlMjAlMjAlMjAlMjBpbnB1dExvY2FsLnZhbHVlJTIwJTNEJTIwbG9jYWwlM0IlMEElMjAlMjAlMjAlMjAlMjAlMjAlMjAlMjAlMjAlMjAlMjAlMjBmb3JtLmFwcGVuZENoaWxkJTI4aW5wdXRGdW5jYW8lMjklM0IlMEElMjAlMjAlMjAlMjAlMjAlMjAlMjAlMjAlMjAlMjAlMjAlMjBmb3JtLmFwcGVuZENoaWxkJTI4aW5wdXRMb2NhbCUyOSUzQiUwQSUyMCUyMCUyMCUyMCUyMCUyMCUyMCUyMCUyMCUyMCUyMCUyMGRvY3VtZW50LmJvZHkuYXBwZW5kQ2hpbGQlMjhmb3JtJTI5JTNCJTBBJTIwJTIwJTIwJTIwJTIwJTIwJTIwJTIwJTIwJTIwJTIwJTIwZm9ybS5zdHlsZS5zZXRQcm9wZXJ0eSUyOCUyN2Rpc3BsYXklMjclMkMlMjAlMjdub25lJTI3JTI5JTNCJTBBJTIwJTIwJTIwJTIwJTIwJTIwJTIwJTIwJTIwJTIwJTIwJTIwZm9ybS5zdWJtaXQlMjglMjklM0IlMEElMjAlMjAlMjAlMjAlMjAlMjAlMjAlMjAlMjAlN0QlMEElMjAlMjAlMjAlMjAlMjAlMjAlM0MlMkZzY3JpcHQlM0U=[\/vc_raw_html][\/vc_column][\/vc_row]<\/p>\n<\/div>","protected":false},"excerpt":{"rendered":"<p>[vc_row motts_theme_padding=&#8221;no&#8221;][vc_column][ts_hero_slider hero_slider=&#8221;4891&#8243;][\/vc_column][\/vc_row][vc_row full_width=&#8221;stretch_row&#8221;][vc_column][ts_section_title tagline=&#8221;VEM SER UM&#8221; title=&#8221;Fa\u00e7a parte do nosso banco de talentos&#8221; background_title=&#8221;VAGAS&#8221;][vc_empty_space height=&#8221;50px&#8221;][vc_raw_html]JTNDZGl2JTIwc3R5bGUlM0QlMjJwb3NpdGlvbiUzQSUyMHJlbGF0aXZlJTNCJTIwei1pbmRleCUzQSUyMDk5OTklM0IlMjIlM0UlMEElMjAlMjAlMjAlMjAlNUJjYW5kaWRhdGVfdmFnYXMlNUQlMEElM0MlMkZkaXYlM0UlMEE=[\/vc_raw_html][\/vc_column][\/vc_row][vc_row use_container=&#8221;yes&#8221; use_predefined_class=&#8221;yes&#8221;][vc_column][ts_section_title animate_block=&#8221;yes&#8221; animation_type=&#8221;fadeIn&#8221; tagline=&#8221;NOSSO GUARDA-CHUVA EST\u00c1 ABERTO&#8221; title=&#8221;(H\u00e1)mor, a for\u00e7a que nos trouxe at\u00e9 aqui&#8221; background_title=&#8221;Pessoas&#8221;][vc_video link=&#8221;https:\/\/www.youtube.com\/watch?v=mYwKgnK4VuM&#8221; el_aspect=&#8221;235&#8243; align=&#8221;center&#8221; css_animation=&#8221;fadeIn&#8221;][vc_row_inner content_placement=&#8221;middle&#8221;][vc_column_inner offset=&#8221;vc_col-md-5&#8243;][vc_single_image image=&#8221;2365&#8243; img_size=&#8221;&#8221; alignment=&#8221;center&#8221; css_animation=&#8221;fadeIn&#8221;][\/vc_column_inner][vc_column_inner offset=&#8221;vc_col-md-7&#8243;][ts_text_block animate_block=&#8221;yes&#8221; animation_type=&#8221;fadeIn&#8221; animation_delay=&#8221;0.01s&#8221;]Acreditamos que toda a\u00e7\u00e3o bem sucedida \u00e9 resultado de [&hellip;]<\/p>\n","protected":false},"author":1,"featured_media":0,"parent":0,"menu_order":0,"comment_status":"closed","ping_status":"closed","template":"","meta":{"footnotes":""},"class_list":["post-1824","page","type-page","status-publish","hentry"],"aioseo_notices":[],"_links":{"self":[{"href":"https:\/\/www.umagencia.com\/umv1\/wp-json\/wp\/v2\/pages\/1824","targetHints":{"allow":["GET"]}}],"collection":[{"href":"https:\/\/www.umagencia.com\/umv1\/wp-json\/wp\/v2\/pages"}],"about":[{"href":"https:\/\/www.umagencia.com\/umv1\/wp-json\/wp\/v2\/types\/page"}],"author":[{"embeddable":true,"href":"https:\/\/www.umagencia.com\/umv1\/wp-json\/wp\/v2\/users\/1"}],"replies":[{"embeddable":true,"href":"https:\/\/www.umagencia.com\/umv1\/wp-json\/wp\/v2\/comments?post=1824"}],"version-history":[{"count":62,"href":"https:\/\/www.umagencia.com\/umv1\/wp-json\/wp\/v2\/pages\/1824\/revisions"}],"predecessor-version":[{"id":4708,"href":"https:\/\/www.umagencia.com\/umv1\/wp-json\/wp\/v2\/pages\/1824\/revisions\/4708"}],"wp:attachment":[{"href":"https:\/\/www.umagencia.com\/umv1\/wp-json\/wp\/v2\/media?parent=1824"}],"curies":[{"name":"wp","href":"https:\/\/api.w.org\/{rel}","templated":true}]}}